{"id":64,"date":"2013-02-17T15:32:18","date_gmt":"2013-02-17T15:32:18","guid":{"rendered":"http:\/\/www.prinsesseparken.dk\/?page_id=64"},"modified":"2024-01-24T12:41:47","modified_gmt":"2024-01-24T12:41:47","slug":"galleri","status":"publish","type":"page","link":"https:\/\/www.prinsesseparken.dk\/?page_id=64","title":{"rendered":"Arkiv"},"content":{"rendered":"<p>&nbsp;<\/p>\n<p><a href=\"https:\/\/www.prinsesseparken.dk\/wp-content\/uploads\/2023\/04\/Mail-fra-Bestyrelsen-04_04_2023.pdf\">Mail fra Bestyrelsen 4\/4-23<\/a><\/p>\n<p>&nbsp;<\/p>\n<p><a href=\"https:\/\/www.prinsesseparken.dk\/wp-content\/uploads\/2023\/03\/Nyhedsmail-fra-You-See-marts-2023.pdf\">Nyhedsmail fra You See marts 2023<\/a><\/p>\n<p>&nbsp;<\/p>\n<h3><strong>Mail fra bestyrelsen 180622<\/strong><\/h3>\n<p>Hej alle sammen.<\/p>\n<div>Efter 2 \u00e5rs pause, vil vi igen i \u00e5r afholde vores sommerfest i Prinsesseparken.<\/div>\n<div>Da der er kommet mange b\u00f8rne familier, s\u00e5 vil vi begynde lidt tidligere, og s\u00e5 vil det v\u00e6re muligt for jer at komme og hygge sammen, inden at vi spiser.<\/div>\n<div>S\u00e5 kan man selv v\u00e6lge, hvor tidligt at man tager hjem.<\/div>\n<div>Efter maden vil der v\u00e6re snak og samv\u00e6r i klubben.<\/div>\n<div>Da vi har mange nye beboere, vil jeg her s\u00e6tte en forventet tidsplan op for dagen.<\/div>\n<div>kl. 15.00: Klubben er \u00e5ben for alle.<\/div>\n<div>Vi vil servere saftevand, the og kaffe, med kage til.<\/div>\n<div>I skal selv huske at have tallerkner med.<\/div>\n<div>kl. 18.00: Vi serverer helstegt pattegris og senere p\u00f8lser, da grisen lige skal af grillen.&nbsp;Hertil vil vi servere br\u00f8d til.&nbsp;I medbringer selv salat \/ tilbeh\u00f8r og drikkevarer (sodavand, \u00f8l og vin).<\/div>\n<div>Senere vil der blive serveret chips og chokolade.<\/div>\n<div>Vi gl\u00e6der og til at se jer alle sammen.<\/div>\n<div>Husk at melde jer til, inden s\u00f8ndag den 28. aug.<\/div>\n<div>Vel m\u00f8dt fra alle i bestyrelsen.<\/div>\n<div>Mange hilsner<\/div>\n<div>Anders Peterson<\/div>\n<p><a href=\"https:\/\/www.prinsesseparken.dk\/wp-content\/uploads\/2022\/06\/Mail-fra-Greve-Fjernvarme.pdf\">Mail fra Greve Fjernvarme<\/a><\/p>\n<p>&nbsp;<\/p>\n<h3><strong>Mail fra Bestyrelsen 220522<\/strong><\/h3>\n<div><em>Jeg har holdt et m\u00f8de med vores &#8220;3 naboer&#8221;.<\/em><\/div>\n<div><em>GF \u00c5sager<\/em><\/div>\n<div><em>GF Fugleparken<\/em><\/div>\n<div><em>GF Lykkesholm<\/em><\/div>\n<div><em>GF \u00c5sager har v\u00e6ret p\u00e5 forkant og lavet et stort forarbejde med Greve fjernvarme og har s\u00e5 siden fundet ud af, at det i juni m\u00e5ned vil blive besluttet, hvilke omr\u00e5det at Greve fjernvarme vil starte op med og lave beregninger p\u00e5, hvad det vil koste at etablere nye omr\u00e5det, alt efter hvor stor eftersp\u00f8rgslen er i kommunens omr\u00e5der.<\/em><\/div>\n<div><em>Vi har derfor lavet en f\u00e6lles indstilling til Greve Fjernvarme, og bedt dem kigge i vores retning og overveje om ikke at 450 huse i Karlslunde, er et godt sted at starte.<\/em><\/div>\n<div><em>De vil nemlig starte op 4 steder i kommunen.<\/em><\/div>\n<div><em>Jeg sender derfor lige vores papirer med ud, og beder jer om at overveje, om vi skal v\u00e6re med p\u00e5 holdet.<\/em><\/div>\n<div><em>G\u00e5 ind p\u00e5 denne side:&nbsp;<a href=\"https:\/\/www.grevefjernvarme.dk\/ny-kunde\/hvad-kan-jeg-goere-for-at-hjaelpe\/skriv-dig-op-til-fjernvarme\/\" target=\"_blank\" rel=\"noopener\" data-saferedirecturl=\"https:\/\/www.google.com\/url?q=https:\/\/www.grevefjernvarme.dk\/ny-kunde\/hvad-kan-jeg-goere-for-at-hjaelpe\/skriv-dig-op-til-fjernvarme\/&amp;source=gmail&amp;ust=1654940972905000&amp;usg=AOvVaw2Y7L9Ck6CII0MVrqdRKP5A\">Skriv dig op til fjernvarme (grevefjernvarme.dk)<\/a><\/em><\/div>\n<div><em>Mange hilsner<\/em><\/div>\n<div><em>Anders Peterson<\/em><\/div>\n<div><a href=\"https:\/\/www.prinsesseparken.dk\/wp-content\/uploads\/2022\/06\/Mail-fra-bestyrelsen-220522-_-vedhaeftning-1.pdf\">Mail fra bestyrelsen 220522 _ vedh\u00e6ftning 1<\/a><\/div>\n<div><a href=\"https:\/\/www.prinsesseparken.dk\/wp-content\/uploads\/2022\/06\/Mail-fra-bestyrelsen-220522-_-vedhaeftning-2.pdf\">Mail fra bestyrelsen 220522 _ vedh\u00e6ftning 2<\/a><\/div>\n<div><a href=\"https:\/\/www.prinsesseparken.dk\/wp-content\/uploads\/2022\/06\/Mail-fra-bestyrelsen-220522-_-vedhaeftning-3.pdf\">Mail fra bestyrelsen 220522 _ vedh\u00e6ftning 3<\/a><\/div>\n<div>&nbsp;<\/div>\n<p><a href=\"https:\/\/www.prinsesseparken.dk\/wp-content\/uploads\/2022\/02\/Brev-fre-Greve-Vandvaerk-vedr-lukning-af-Aasager-Kildeplads.pdf\">Brev fra Greve Vandv\u00e6rk vedr lukning af \u00c5sager Kildeplads<\/a><\/p>\n<p>Bem\u00e6rk: der er ikke umiddelbart konsekvenser for beboere i Prinsesseparken.<\/p>\n<p>&nbsp;<\/p>\n","protected":false},"excerpt":{"rendered":"<p>&nbsp; Mail fra Bestyrelsen 4\/4-23 &nbsp; Nyhedsmail fra You See marts 2023 &nbsp; Mail fra bestyrelsen 180622 Hej alle sammen. Efter 2 \u00e5rs pause, vil vi igen i \u00e5r afholde vores sommerfest i Prinsesseparken. Da der er kommet mange b\u00f8rne&#8230;<\/p>\n","protected":false},"author":1,"featured_media":0,"parent":0,"menu_order":0,"comment_status":"closed","ping_status":"open","template":"","meta":{"ngg_post_thumbnail":0,"footnotes":""},"class_list":["post-64","page","type-page","status-publish","hentry","no-post-thumbnail"],"_links":{"self":[{"href":"https:\/\/www.prinsesseparken.dk\/index.php?rest_route=\/wp\/v2\/pages\/64","targetHints":{"allow":["GET"]}}],"collection":[{"href":"https:\/\/www.prinsesseparken.dk\/index.php?rest_route=\/wp\/v2\/pages"}],"about":[{"href":"https:\/\/www.prinsesseparken.dk\/index.php?rest_route=\/wp\/v2\/types\/page"}],"author":[{"embeddable":true,"href":"https:\/\/www.prinsesseparken.dk\/index.php?rest_route=\/wp\/v2\/users\/1"}],"replies":[{"embeddable":true,"href":"https:\/\/www.prinsesseparken.dk\/index.php?rest_route=%2Fwp%2Fv2%2Fcomments&post=64"}],"version-history":[{"count":12,"href":"https:\/\/www.prinsesseparken.dk\/index.php?rest_route=\/wp\/v2\/pages\/64\/revisions"}],"predecessor-version":[{"id":666,"href":"https:\/\/www.prinsesseparken.dk\/index.php?rest_route=\/wp\/v2\/pages\/64\/revisions\/666"}],"wp:attachment":[{"href":"https:\/\/www.prinsesseparken.dk\/index.php?rest_route=%2Fwp%2Fv2%2Fmedia&parent=64"}],"curies":[{"name":"wp","href":"https:\/\/api.w.org\/{rel}","templated":true}]}}