{"id":492,"date":"2022-02-16T14:42:14","date_gmt":"2022-02-16T14:42:14","guid":{"rendered":"https:\/\/www.prinsesseparken.dk\/?page_id=492"},"modified":"2024-01-24T10:21:39","modified_gmt":"2024-01-24T10:21:39","slug":"udskiftning-af-vandroer-2022","status":"publish","type":"page","link":"https:\/\/www.prinsesseparken.dk\/?page_id=492","title":{"rendered":"Udskiftning af vandr\u00f8r 2022"},"content":{"rendered":"\n<p>P\u00e5 denne side vil vi l\u00e6gge informationer om udskiftning af vandr\u00f8r i Prinsesseparken 2022.<\/p>\n<p><a href=\"https:\/\/www.prinsesseparken.dk\/wp-content\/uploads\/2022\/03\/Mail-fra-Bestyrelsen-3-MARTS-2002.pdf\">Mail fra Bestyrelsen 3 MARTS 2002<\/a><\/p>\n<p><a href=\"https:\/\/www.prinsesseparken.dk\/wp-content\/uploads\/2022\/03\/Mail-fra-Bestyrelsen-20-FEB-2022-_-vedhaeftning-_-Hvad-sker-der-ved-udskiftning-Greve-Vand.pdf\">Mail fra Bestyrelsen 20 FEB 2022 _ vedh\u00e6ftning _ Hvad sker der ved udskiftning Greve Vand<\/a><\/p>\n<p><a href=\"https:\/\/www.prinsesseparken.dk\/wp-content\/uploads\/2022\/03\/Mail-fra-Bestyrelsen-20-FEB-2022.pdf\">Mail fra Bestyrelsen 20 FEB 2022<\/a><\/p>\n<p><a href=\"https:\/\/grevevand.dk\/projekter-og-renovering\/her-arbejder-vi\">F\u00f8lg med i arbejdet med udskiftning af vandr\u00f8r<\/a><\/p>\n<p><a href=\"https:\/\/www.weblager.dk\/\">Hent oplysninger om gamle byggesager p\u00e5 egen matrikel<\/a><\/p>\n<p><a href=\"https:\/\/www.prinsesseparken.dk\/wp-content\/uploads\/2022\/02\/Tegninger-af-gaardes-nuvaerende-roerfoering.pdf\">Tegninger af g\u00e5rdes nuv\u00e6rende r\u00f8rf\u00f8ring<\/a><\/p>\n<p><a href=\"https:\/\/www.prinsesseparken.dk\/wp-content\/uploads\/2022\/02\/Jorddaeksel-scaled.jpg\">Billede af jordd\u00e6ksel<\/a><\/p>\n<p><a href=\"https:\/\/www.prinsesseparken.dk\/wp-content\/uploads\/2022\/02\/Flisedaeksel-scaled.jpg\">Billede af flised\u00e6ksel<\/a><\/p>\n<p><a href=\"https:\/\/www.prinsesseparken.dk\/wp-content\/uploads\/2022\/02\/Visitkort-Merkur-Anders-Toft-scaled.jpg\">Visitkort Merkur VVS Anders Toft<\/a><\/p>\n<p><a href=\"https:\/\/www.prinsesseparken.dk\/wp-content\/uploads\/2022\/02\/Mail-fra-bestyrelsen-19-FEB-2022-_-Byggemoede.pdf\">Mail fra bestyrelsen 19 FEB 2022 _ Byggem\u00f8de<\/a><\/p>\n<p><a href=\"https:\/\/www.prinsesseparken.dk\/wp-content\/uploads\/2022\/02\/Mail-fra-bestyrelsen-17-FEB-2022-_-2.pdf\">Mail fra Bestyrelsen 17 FEB 2022 _ 2<\/a><\/p>\n<p><a href=\"https:\/\/www.prinsesseparken.dk\/wp-content\/uploads\/2022\/02\/Mail-fra-bestyrelsen-17-FEB-2022.pdf\">Mail fra bestyrelsen 17 FEB 2022<\/a><\/p>\n<p><a href=\"https:\/\/www.prinsesseparken.dk\/wp-content\/uploads\/2022\/02\/Mail-fra-bestyrelsen-16-FEB-2022.pdf\">Mail fra bestyrelsen 16 FEB 2022<\/a><\/p>\n<p><a href=\"https:\/\/www.prinsesseparken.dk\/wp-content\/uploads\/2022\/02\/Kalk-i-plastroer-scaled.jpg\">Billede af kalk i vandr\u00f8r\/plast<\/a><\/p>\n<p><a href=\"https:\/\/www.prinsesseparken.dk\/wp-content\/uploads\/2022\/02\/Arbejdsplan-for-udskiftning-af-vandroer.pdf\">Arbejdsplan for udskiftning af vandr\u00f8r<\/a><\/p>\n<p><a href=\"https:\/\/www.prinsesseparken.dk\/wp-content\/uploads\/2022\/02\/Brev-fra-Greve-Vandvaerk.pdf\">Brev fra Greve Vandv\u00e6rk til til grundejere i Prinsesseparken (januar 2022)<\/a><\/p>\n<p><a href=\"https:\/\/www.prinsesseparken.dk\/wp-content\/uploads\/2022\/01\/Nye-vandledninger-og-placering-af-broende-scaled.jpg\">Nye vandledninger og placering af m\u00e5lerbr\u00f8nde<\/a><\/p>\n<p><a href=\"https:\/\/www.prinsesseparken.dk\/wp-content\/uploads\/2022\/01\/Nuvaerende-vandledninger-scaled.jpg\">Nuv\u00e6rende vandledninger<\/a><\/p>\n","protected":false},"excerpt":{"rendered":"<p>P\u00e5 denne side vil vi l\u00e6gge informationer om udskiftning af vandr\u00f8r i Prinsesseparken 2022. Mail fra Bestyrelsen 3 MARTS 2002 Mail fra Bestyrelsen 20 FEB 2022 _ vedh\u00e6ftning _ Hvad sker der ved udskiftning Greve Vand Mail fra Bestyrelsen 20&#8230;<\/p>\n","protected":false},"author":3,"featured_media":0,"parent":0,"menu_order":1,"comment_status":"closed","ping_status":"closed","template":"","meta":{"ngg_post_thumbnail":0,"footnotes":""},"class_list":["post-492","page","type-page","status-publish","hentry","no-post-thumbnail"],"_links":{"self":[{"href":"https:\/\/www.prinsesseparken.dk\/index.php?rest_route=\/wp\/v2\/pages\/492","targetHints":{"allow":["GET"]}}],"collection":[{"href":"https:\/\/www.prinsesseparken.dk\/index.php?rest_route=\/wp\/v2\/pages"}],"about":[{"href":"https:\/\/www.prinsesseparken.dk\/index.php?rest_route=\/wp\/v2\/types\/page"}],"author":[{"embeddable":true,"href":"https:\/\/www.prinsesseparken.dk\/index.php?rest_route=\/wp\/v2\/users\/3"}],"replies":[{"embeddable":true,"href":"https:\/\/www.prinsesseparken.dk\/index.php?rest_route=%2Fwp%2Fv2%2Fcomments&post=492"}],"version-history":[{"count":7,"href":"https:\/\/www.prinsesseparken.dk\/index.php?rest_route=\/wp\/v2\/pages\/492\/revisions"}],"predecessor-version":[{"id":524,"href":"https:\/\/www.prinsesseparken.dk\/index.php?rest_route=\/wp\/v2\/pages\/492\/revisions\/524"}],"wp:attachment":[{"href":"https:\/\/www.prinsesseparken.dk\/index.php?rest_route=%2Fwp%2Fv2%2Fmedia&parent=492"}],"curies":[{"name":"wp","href":"https:\/\/api.w.org\/{rel}","templated":true}]}}