{"id":156,"date":"2013-02-23T14:55:23","date_gmt":"2013-02-23T14:55:23","guid":{"rendered":"http:\/\/www.prinsesseparken.dk\/?page_id=156"},"modified":"2017-11-13T14:54:39","modified_gmt":"2017-11-13T14:54:39","slug":"lidt-om-den-nye-togbane-fra-kobenhavn-ringsted","status":"publish","type":"page","link":"https:\/\/www.prinsesseparken.dk\/?page_id=156","title":{"rendered":"Lidt om den nye togbane fra K\u00f8benhavn &#8211; Ringsted"},"content":{"rendered":"<p><span style=\"font-size: x-large;\">Nyt om Motorvejs\u00a0<\/span><span style=\"font-size: x-large;\">udbyggelsen<\/span><\/p>\n<p>ORIENTERING OM HURTIGERE F\u00c6RDIGG\u00d8RELSE AF<br \/>\nUDBYGNING AF K\u00d8GE BUGT MOTORVEJEN<br \/>\nK\u00e6re nabo til K\u00f8ge Bugt Motorvejen<br \/>\nSom du sikkert er bekendt med, skal Vejdirektoratet udbygge K\u00f8ge Bugt<br \/>\nMotorvejen (Greve S \u2013 Solr\u00f8d S) fra 6 til 8 spor. Oprindeligt skulle arbejdet<br \/>\nslutte i 2016, men da vi hentede tilbud p\u00e5 de to prim\u00e6re hovedentrepriser, bad<br \/>\nvi ogs\u00e5 entrepren\u00f8rerne give bud p\u00e5 prisen for at g\u00f8re arbejdet f\u00e6rdigt et \u00e5r<br \/>\ntidligere. Det kunne gl\u00e6deligvis lade sig g\u00f8re uden at fordyre projektet.<br \/>\nUdbygningen forventes derfor at st\u00e5 klar i 2015. Det betyder, at trafikanterne f\u00e5r<br \/>\nen kortere tid med gener fra vejarbejdet. Men det betyder ogs\u00e5 at du som nabo<br \/>\ntil vejen bliver generet i kortere tid af vores anl\u00e6gsarbejde og hurtigere vil<br \/>\nopleve fordelene ved en st\u00f8jsvag bel\u00e6gning og evt. ny st\u00f8jafsk\u00e6rmning.<br \/>\nDe prim\u00e6re anl\u00e6gsarbejder forventes s\u00e5ledes f\u00e6rdige november 2014. Det vil<br \/>\nsige anl\u00e6g af ekstra k\u00f8rebanespor, broer, tunneler, st\u00f8jsk\u00e6rme og afvanding.<br \/>\nHerefter vil vi retablere af nabohaver, hegning og beplantning af vejarealer frem<br \/>\ntil \u00e5rsskiftet 2015 \/ 2016. Det f\u00e6rdige slidlag og striber p\u00e5 motorvejen<br \/>\nplanl\u00e6gges udlagt p\u00e5 hele str\u00e6kningen i l\u00f8bet af for\u00e5r \/ sommer 2015.<br \/>\nDen kortere anl\u00e6gsperiode betyder dog at vores entrepren\u00f8r bliver n\u00f8dt til at<br \/>\narbejde i en udvidet arbejdstid. Vejdirektoratet skal nu i en dialog med<br \/>\nentrepren\u00f8ren om, hvordan han har t\u00e6nkt sig at planl\u00e6gge arbejderne. N\u00e5r vi<br \/>\nkender entrepren\u00f8rens planer, vil vi vende tilbage med yderligere information.<br \/>\nArbejderne omkring Karlslunde Rasteplads og Karlslunde Mosevej er allerede<br \/>\ng\u00e5et i gang. De to prim\u00e6re hovedentrepriser starter op hen over p\u00e5sken,<br \/>\nhvorefter der arbejdes p\u00e5 hele udbygningsstr\u00e6kningen.<br \/>\nMed venlig hilsen<br \/>\nProjektleder Preben T. Pedersen<\/p>\n<p><span style=\"font-size: large;\">\u00c6ldre Nyheder:<\/span><\/p>\n<p><span style=\"font-family: Arial; font-size: large;\">Mandag den 20. oktober 2008 var vores formand Anders Peterson til borgerm\u00f8de i Greve. Her blev der orienteret om den mulige plan vedr. den ny togbane fra K\u00f8benhavn &#8211; Ringsted.<\/span><\/p>\n<p><span style=\"font-family: Arial; font-size: large;\">Formanden har et eksemplar af h\u00f8ringerne som vedr\u00f8rer os i Prinsesseparken og man er velkommen til at komme forbi ham og l\u00e5ne materialet i en uges tid. Ellers kan man ogs\u00e5 bestille materialet direkte p\u00e5 Trafikstyrelsens hjemmeside\u00a0<a href=\"http:\/\/www.trafikstyrelsen.dk\/\" target=\"_blank\">www.trafikstyrelsen.dk<\/a><\/span><\/p>\n<div>\n<p><span style=\"font-family: Arial; font-size: large;\">Her beder man blot om et eksemplar af h\u00f8ringsmappe 1 + 7 + 11.<\/span><\/p>\n<p><span style=\"font-family: Arial; font-size: large;\">H\u00f8ringsmappe 1: handler om hele projektet generelt.<\/span><\/p>\n<p><span style=\"font-family: Arial; font-size: large;\">H\u00f8ringsmappe 7: handler om vores omr\u00e5de (Hundige \u2013 Solr\u00f8d)<\/span><\/p>\n<p><span style=\"font-family: Arial; font-size: large;\">H\u00f8ringsmappe 11: handler om st\u00f8j og vibrationer for det hele.<\/span><\/p>\n<p><span style=\"font-size: large;\">Hvis man \u00f8nsker at vide mere omkring den nye jernbane, er her et link til Trafikstyrelsen:<\/span><\/p>\n<p><span style=\"font-family: Arial; font-size: large;\"><a href=\"http:\/\/www.trafikstyrelsen.dk\/sw209263.asp\" target=\"_blank\">www.trafikstyrelsen.dk\/sw209263.asp<\/a><\/span><\/p>\n<p><span style=\"font-size: large;\">Her kan ses et par oversigter over vores omr\u00e5de &#8211; f\u00f8r og efter togbanen mv.<\/span><\/p>\n<p><a href=\"http:\/\/www.prinsesseparken.dk\/wp-content\/uploads\/2013\/02\/Scan10002.jpg\"><img loading=\"lazy\" decoding=\"async\" class=\"alignnone size-full wp-image-157\" alt=\"Scan10002\" src=\"http:\/\/www.prinsesseparken.dk\/wp-content\/uploads\/2013\/02\/Scan10002.jpg\" width=\"561\" height=\"768\" srcset=\"https:\/\/www.prinsesseparken.dk\/wp-content\/uploads\/2013\/02\/Scan10002.jpg 561w, https:\/\/www.prinsesseparken.dk\/wp-content\/uploads\/2013\/02\/Scan10002-219x300.jpg 219w\" sizes=\"auto, (max-width: 561px) 100vw, 561px\" \/><\/a> <a href=\"http:\/\/www.prinsesseparken.dk\/wp-content\/uploads\/2013\/02\/Karlstrup-Skov-efter.jpg\"><img loading=\"lazy\" decoding=\"async\" class=\"alignnone size-large wp-image-158\" alt=\"Karlstrup Skov - efter\" src=\"http:\/\/www.prinsesseparken.dk\/wp-content\/uploads\/2013\/02\/Karlstrup-Skov-efter.jpg\" width=\"768\" height=\"509\" srcset=\"https:\/\/www.prinsesseparken.dk\/wp-content\/uploads\/2013\/02\/Karlstrup-Skov-efter.jpg 768w, https:\/\/www.prinsesseparken.dk\/wp-content\/uploads\/2013\/02\/Karlstrup-Skov-efter-300x198.jpg 300w\" sizes=\"auto, (max-width: 768px) 100vw, 768px\" \/><\/a> <a href=\"http:\/\/www.prinsesseparken.dk\/wp-content\/uploads\/2013\/02\/Karlstrup-Skov-i-dag.jpg\"><img loading=\"lazy\" decoding=\"async\" class=\"alignnone size-large wp-image-159\" alt=\"Karlstrup Skov - i dag\" src=\"http:\/\/www.prinsesseparken.dk\/wp-content\/uploads\/2013\/02\/Karlstrup-Skov-i-dag.jpg\" width=\"768\" height=\"506\" srcset=\"https:\/\/www.prinsesseparken.dk\/wp-content\/uploads\/2013\/02\/Karlstrup-Skov-i-dag.jpg 768w, https:\/\/www.prinsesseparken.dk\/wp-content\/uploads\/2013\/02\/Karlstrup-Skov-i-dag-300x197.jpg 300w\" sizes=\"auto, (max-width: 768px) 100vw, 768px\" \/><\/a> <a href=\"http:\/\/www.prinsesseparken.dk\/wp-content\/uploads\/2013\/02\/Naturforhold.jpg\"><img loading=\"lazy\" decoding=\"async\" class=\"alignnone size-large wp-image-160\" alt=\"Naturforhold\" src=\"http:\/\/www.prinsesseparken.dk\/wp-content\/uploads\/2013\/02\/Naturforhold.jpg\" width=\"768\" height=\"650\" srcset=\"https:\/\/www.prinsesseparken.dk\/wp-content\/uploads\/2013\/02\/Naturforhold.jpg 768w, https:\/\/www.prinsesseparken.dk\/wp-content\/uploads\/2013\/02\/Naturforhold-300x253.jpg 300w\" sizes=\"auto, (max-width: 768px) 100vw, 768px\" \/><\/a><\/p>\n<\/div>\n","protected":false},"excerpt":{"rendered":"<p>Nyt om Motorvejs\u00a0udbyggelsen ORIENTERING OM HURTIGERE F\u00c6RDIGG\u00d8RELSE AF UDBYGNING AF K\u00d8GE BUGT MOTORVEJEN K\u00e6re nabo til K\u00f8ge Bugt Motorvejen Som du sikkert er bekendt med, skal Vejdirektoratet udbygge K\u00f8ge Bugt Motorvejen (Greve S \u2013 Solr\u00f8d S) fra 6 til 8&#8230;<\/p>\n","protected":false},"author":1,"featured_media":0,"parent":0,"menu_order":0,"comment_status":"closed","ping_status":"open","template":"","meta":{"ngg_post_thumbnail":0,"footnotes":""},"class_list":["post-156","page","type-page","status-publish","hentry","no-post-thumbnail"],"_links":{"self":[{"href":"https:\/\/www.prinsesseparken.dk\/index.php?rest_route=\/wp\/v2\/pages\/156","targetHints":{"allow":["GET"]}}],"collection":[{"href":"https:\/\/www.prinsesseparken.dk\/index.php?rest_route=\/wp\/v2\/pages"}],"about":[{"href":"https:\/\/www.prinsesseparken.dk\/index.php?rest_route=\/wp\/v2\/types\/page"}],"author":[{"embeddable":true,"href":"https:\/\/www.prinsesseparken.dk\/index.php?rest_route=\/wp\/v2\/users\/1"}],"replies":[{"embeddable":true,"href":"https:\/\/www.prinsesseparken.dk\/index.php?rest_route=%2Fwp%2Fv2%2Fcomments&post=156"}],"version-history":[{"count":4,"href":"https:\/\/www.prinsesseparken.dk\/index.php?rest_route=\/wp\/v2\/pages\/156\/revisions"}],"predecessor-version":[{"id":364,"href":"https:\/\/www.prinsesseparken.dk\/index.php?rest_route=\/wp\/v2\/pages\/156\/revisions\/364"}],"wp:attachment":[{"href":"https:\/\/www.prinsesseparken.dk\/index.php?rest_route=%2Fwp%2Fv2%2Fmedia&parent=156"}],"curies":[{"name":"wp","href":"https:\/\/api.w.org\/{rel}","templated":true}]}}