{"id":144,"date":"2013-02-23T12:41:21","date_gmt":"2013-02-23T12:41:21","guid":{"rendered":"http:\/\/www.prinsesseparken.dk\/?page_id=144"},"modified":"2013-02-23T12:41:21","modified_gmt":"2013-02-23T12:41:21","slug":"sommerhilsen-2009","status":"publish","type":"page","link":"https:\/\/www.prinsesseparken.dk\/?page_id=144","title":{"rendered":"Sommerhilsen 2009"},"content":{"rendered":"<p align=\"center\"><span style=\"font-size: xx-large;\">Sommerhilsen 2009<\/span><\/p>\n<p align=\"center\">\n<p>S\u00e5 er sommeren godt i gang, eller skal vi bare sige; i gang, men det skiftende vejr er jo bare dansk vejr\u00a0J<\/p>\n<p>I sommerperioden, er det som altid tid til, at f\u00e5 klippet h\u00e6k m.m.. Det er der mange her i Prinsesseparken, som har f\u00e5et ordnet og de sidste f\u00e5r det helt sikkert gjort, i l\u00f8bet af de n\u00e6ste uger.<\/p>\n<p>Apropos h\u00e6k, s\u00e5 har vi desv\u00e6rre set h\u00e6kke der m\u00e5ler over 2,50 meter !!!\u00a0 Vi m\u00e5 i denne forbindelse n\u00e6vne, at hegnsloven ogs\u00e5 er g\u00e6ldende i Prinsesseparken og if\u00f8lge denne lov, m\u00e5 h\u00e6kke max. m\u00e5le 1,80 meter.<\/p>\n<p>Generelt ser det rimeligt p\u00e6nt ud p\u00e5 stierne, enkelte medlemmer g\u00f8r utroligt meget ud af, at holde fortovet fri for ukrudt og det er rigtigt dejligt at se. De medlemmer som ikke har f\u00e5et havehandskerne p\u00e5 endnu, vil i l\u00f8bet af august\/september f\u00e5 en p\u00e5mindelse, vedr\u00f8rende den manglende vedligeholdelse.<\/p>\n<p>I juni m\u00e5ned var Greve kommune forbi Margrethe All\u00e9 og opsatte en trafikt\u00e6ller midt p\u00e5 vejen. T\u00e6lleren var opsat i 14 dage og var opsat i forbindelse med den kommende etablering af hastighedsd\u00e6mpende foranstaltninger p\u00e5 vejen. Helt sikkert noget, som rigtigt mange p\u00e5 Margrethe All\u00e9 ser frem til.<\/p>\n<p>I slutningen af juni var bestyrelsen samlet til arbejdsdag p\u00e5 legepladsen. Her fik vi tilsikret en del af legepladsen. Vi har dog stadig nogle timers arbejde tilbage, men som p\u00e5 de fleste arbejdspladser, er vi ogs\u00e5 ferie-ramt for tiden. Det store leget\u00e5rn med rutchebane er k\u00f8rt p\u00e5 Milj\u00f8centret, hvilket m\u00e5 konkluderes, at v\u00e6re den rigtige beslutning (vedtaget p\u00e5 Generalforsamlingen), da de b\u00e6rerne stolper, var i en mere end tvivlsom forfatning.<\/p>\n<p>&nbsp;<\/p>\n<p>Vi vil med denne sommerhilsen \u00f8nske alle en fortsat god sommer med forh\u00e5bentlig rigtigt mange solskinstimerJ<\/p>\n<p align=\"center\">Med venlig hilsen<\/p>\n<p align=\"center\">Bestyrelsen<\/p>\n","protected":false},"excerpt":{"rendered":"<p>Sommerhilsen 2009 S\u00e5 er sommeren godt i gang, eller skal vi bare sige; i gang, men det skiftende vejr er jo bare dansk vejr\u00a0J I sommerperioden, er det som altid tid til, at f\u00e5 klippet h\u00e6k m.m.. Det er der&#8230;<\/p>\n","protected":false},"author":1,"featured_media":0,"parent":0,"menu_order":0,"comment_status":"closed","ping_status":"open","template":"","meta":{"ngg_post_thumbnail":0,"footnotes":""},"class_list":["post-144","page","type-page","status-publish","hentry","no-post-thumbnail"],"_links":{"self":[{"href":"https:\/\/www.prinsesseparken.dk\/index.php?rest_route=\/wp\/v2\/pages\/144","targetHints":{"allow":["GET"]}}],"collection":[{"href":"https:\/\/www.prinsesseparken.dk\/index.php?rest_route=\/wp\/v2\/pages"}],"about":[{"href":"https:\/\/www.prinsesseparken.dk\/index.php?rest_route=\/wp\/v2\/types\/page"}],"author":[{"embeddable":true,"href":"https:\/\/www.prinsesseparken.dk\/index.php?rest_route=\/wp\/v2\/users\/1"}],"replies":[{"embeddable":true,"href":"https:\/\/www.prinsesseparken.dk\/index.php?rest_route=%2Fwp%2Fv2%2Fcomments&post=144"}],"version-history":[{"count":1,"href":"https:\/\/www.prinsesseparken.dk\/index.php?rest_route=\/wp\/v2\/pages\/144\/revisions"}],"predecessor-version":[{"id":145,"href":"https:\/\/www.prinsesseparken.dk\/index.php?rest_route=\/wp\/v2\/pages\/144\/revisions\/145"}],"wp:attachment":[{"href":"https:\/\/www.prinsesseparken.dk\/index.php?rest_route=%2Fwp%2Fv2%2Fmedia&parent=144"}],"curies":[{"name":"wp","href":"https:\/\/api.w.org\/{rel}","templated":true}]}}