{"id":115,"date":"2013-02-23T12:55:08","date_gmt":"2013-02-23T12:55:08","guid":{"rendered":"http:\/\/www.prinsesseparken.dk\/?page_id=115"},"modified":"2017-11-13T14:54:39","modified_gmt":"2017-11-13T14:54:39","slug":"historie","status":"publish","type":"page","link":"https:\/\/www.prinsesseparken.dk\/?page_id=115","title":{"rendered":"Historie"},"content":{"rendered":"<p>Lidt historie for nostalgikere. Det kan godt v\u00e6re lidt sv\u00e6rt at l\u00e6se teksten, da det er scannet p\u00e5 baggrund af fotokopier. S\u00e5fremt der er andre der ligger inde med materiale fra dengang prinsesseparken blev til, er de velkommen til at kontakte formanden.<\/p>\n<p><a href=\"http:\/\/www.prinsesseparken.dk\/wp-content\/uploads\/2013\/02\/historie5-Large.jpg\"><img loading=\"lazy\" decoding=\"async\" class=\"alignnone size-full wp-image-120\" alt=\"historie5 (Large)\" src=\"http:\/\/www.prinsesseparken.dk\/wp-content\/uploads\/2013\/02\/historie5-Large.jpg\" width=\"543\" height=\"768\" srcset=\"https:\/\/www.prinsesseparken.dk\/wp-content\/uploads\/2013\/02\/historie5-Large.jpg 543w, https:\/\/www.prinsesseparken.dk\/wp-content\/uploads\/2013\/02\/historie5-Large-212x300.jpg 212w\" sizes=\"auto, (max-width: 543px) 100vw, 543px\" \/><\/a> <a href=\"http:\/\/www.prinsesseparken.dk\/wp-content\/uploads\/2013\/02\/historie3-Large.jpg\"><img loading=\"lazy\" decoding=\"async\" class=\"alignnone size-full wp-image-118\" alt=\"historie3 (Large)\" src=\"http:\/\/www.prinsesseparken.dk\/wp-content\/uploads\/2013\/02\/historie3-Large.jpg\" width=\"542\" height=\"768\" srcset=\"https:\/\/www.prinsesseparken.dk\/wp-content\/uploads\/2013\/02\/historie3-Large.jpg 542w, https:\/\/www.prinsesseparken.dk\/wp-content\/uploads\/2013\/02\/historie3-Large-211x300.jpg 211w\" sizes=\"auto, (max-width: 542px) 100vw, 542px\" \/><\/a> <a href=\"http:\/\/www.prinsesseparken.dk\/wp-content\/uploads\/2013\/02\/historie1-Large.jpg\"><img loading=\"lazy\" decoding=\"async\" class=\"alignnone size-full wp-image-116\" alt=\"historie1 (Large)\" src=\"http:\/\/www.prinsesseparken.dk\/wp-content\/uploads\/2013\/02\/historie1-Large.jpg\" width=\"542\" height=\"768\" srcset=\"https:\/\/www.prinsesseparken.dk\/wp-content\/uploads\/2013\/02\/historie1-Large.jpg 542w, https:\/\/www.prinsesseparken.dk\/wp-content\/uploads\/2013\/02\/historie1-Large-211x300.jpg 211w\" sizes=\"auto, (max-width: 542px) 100vw, 542px\" \/><\/a> <a href=\"http:\/\/www.prinsesseparken.dk\/wp-content\/uploads\/2013\/02\/historie2-Large.jpg\"><img loading=\"lazy\" decoding=\"async\" class=\"alignnone size-full wp-image-117\" alt=\"historie2 (Large)\" src=\"http:\/\/www.prinsesseparken.dk\/wp-content\/uploads\/2013\/02\/historie2-Large.jpg\" width=\"542\" height=\"768\" srcset=\"https:\/\/www.prinsesseparken.dk\/wp-content\/uploads\/2013\/02\/historie2-Large.jpg 542w, https:\/\/www.prinsesseparken.dk\/wp-content\/uploads\/2013\/02\/historie2-Large-211x300.jpg 211w\" sizes=\"auto, (max-width: 542px) 100vw, 542px\" \/><\/a> <a href=\"http:\/\/www.prinsesseparken.dk\/wp-content\/uploads\/2013\/02\/historie4-Large.jpg\"><img loading=\"lazy\" decoding=\"async\" class=\"alignnone size-full wp-image-119\" alt=\"historie4 (Large)\" src=\"http:\/\/www.prinsesseparken.dk\/wp-content\/uploads\/2013\/02\/historie4-Large.jpg\" width=\"543\" height=\"768\" srcset=\"https:\/\/www.prinsesseparken.dk\/wp-content\/uploads\/2013\/02\/historie4-Large.jpg 543w, https:\/\/www.prinsesseparken.dk\/wp-content\/uploads\/2013\/02\/historie4-Large-212x300.jpg 212w\" sizes=\"auto, (max-width: 543px) 100vw, 543px\" \/><\/a><\/p>\n","protected":false},"excerpt":{"rendered":"<p>Lidt historie for nostalgikere. Det kan godt v\u00e6re lidt sv\u00e6rt at l\u00e6se teksten, da det er scannet p\u00e5 baggrund af fotokopier. S\u00e5fremt der er andre der ligger inde med materiale fra dengang prinsesseparken blev til, er de velkommen til at&#8230;<\/p>\n","protected":false},"author":1,"featured_media":0,"parent":0,"menu_order":0,"comment_status":"closed","ping_status":"open","template":"","meta":{"ngg_post_thumbnail":0,"footnotes":""},"class_list":["post-115","page","type-page","status-publish","hentry","no-post-thumbnail"],"_links":{"self":[{"href":"https:\/\/www.prinsesseparken.dk\/index.php?rest_route=\/wp\/v2\/pages\/115","targetHints":{"allow":["GET"]}}],"collection":[{"href":"https:\/\/www.prinsesseparken.dk\/index.php?rest_route=\/wp\/v2\/pages"}],"about":[{"href":"https:\/\/www.prinsesseparken.dk\/index.php?rest_route=\/wp\/v2\/types\/page"}],"author":[{"embeddable":true,"href":"https:\/\/www.prinsesseparken.dk\/index.php?rest_route=\/wp\/v2\/users\/1"}],"replies":[{"embeddable":true,"href":"https:\/\/www.prinsesseparken.dk\/index.php?rest_route=%2Fwp%2Fv2%2Fcomments&post=115"}],"version-history":[{"count":2,"href":"https:\/\/www.prinsesseparken.dk\/index.php?rest_route=\/wp\/v2\/pages\/115\/revisions"}],"predecessor-version":[{"id":361,"href":"https:\/\/www.prinsesseparken.dk\/index.php?rest_route=\/wp\/v2\/pages\/115\/revisions\/361"}],"wp:attachment":[{"href":"https:\/\/www.prinsesseparken.dk\/index.php?rest_route=%2Fwp%2Fv2%2Fmedia&parent=115"}],"curies":[{"name":"wp","href":"https:\/\/api.w.org\/{rel}","templated":true}]}}